Calculate the greatest common divisor of 298037 and 2428.
607
What is the greatest common factor of 47433 and 19497?
291
Calculate the greatest common factor of 774 and 605784.
258
What is the greatest common factor of 309566 and 682?
62
What is the highest common divisor of 393441 and 838?
419
What is the highest common divisor of 102704 and 49?
49
Calculate the highest common factor of 910 and 141505.
455
Calculate the highest common divisor of 72552 and 16.
8
Calculate the highest common factor of 68918 and 442.
34
Calculate the highest common factor of 100 and 4748.
4
What is the highest common divisor of 1169 and 1169?
1169
What is the greatest common factor of 15282 and 18090?
54
Calculate the highest common factor of 5680 and 639.
71
What is the greatest common factor of 97273 and 4477?
407
What is the greatest common divisor of 13790 and 868?
14
Calculate the highest common factor of 19630 and 1242579.
1963
Calculate the highest common factor of 339459 and 3.
3
What is the greatest common factor of 1386 and 183834?
126
What is the greatest common divisor of 15 and 228105?
15
What is the greatest common factor of 4374 and 1864782?
1458
What is the highest common factor of 24857 and 51121?
469
Calculate the highest common factor of 97909 and 18389.
497
Calculate the highest common divisor of 468932 and 708.
236
What is the highest common divisor of 11 and 6193?
11
Calculate the greatest common factor of 28 and 145313.
7
Calculate the highest common factor of 41140 and 2178.
242
What is the greatest common divisor of 14 and 23254?
14
What is the greatest common factor of 3109935 and 15?
15
What is the highest common factor of 254 and 2252?
2
Calculate the highest common factor of 4960 and 3875.
155
Calculate the highest common divisor of 8927 and 65540.
113
Calculate the greatest common divisor of 5334 and 2921.
127
Calculate the highest common divisor of 15303 and 9.
3
Calculate the greatest common divisor of 89587 and 86039.
887
What is the greatest common divisor of 97 and 9991?
97
Calculate the highest common factor of 532 and 49628.
76
Calculate the highest common divisor of 205 and 265885.
205
What is the highest common factor of 36 and 225?
9
What is the greatest common divisor of 64 and 7724?
4
Calculate the highest common divisor of 33033 and 858.
429
What is the highest common divisor of 547094 and 34?
34
Calculate the highest common divisor of 364 and 54691.
91
What is the greatest common factor of 6 and 16602?
6
What is the greatest common divisor of 465 and 10509?
93
Calculate the highest common factor of 1022 and 2370529.
511
What is the greatest common factor of 166797 and 5031?
387
What is the highest common factor of 29316 and 98?
14
What is the highest common factor of 84 and 66850?
14
What is the greatest common factor of 873 and 3735?
9
Calculate the greatest common factor of 1 and 42.
1
Calculate the highest common divisor of 33567 and 193563.
201
Calculate the greatest common factor of 666 and 4032.
18
Calculate the highest common factor of 394026 and 306.
102
Calculate the greatest common factor of 320 and 94480.
80
What is the greatest common factor of 98 and 80213?
49
What is the highest common divisor of 80366 and 73216?
286
Calculate the highest common divisor of 38379 and 99.
33
Calculate the greatest common divisor of 131562 and 72.
18
What is the highest common factor of 2706 and 5822?
82
What is the greatest common divisor of 8384 and 30916?
524
What is the highest common factor of 930 and 294?
6
Calculate the highest common divisor of 136 and 382228.
68
What is the highest common divisor of 3186 and 2242?
118
What is the greatest common divisor of 100 and 75120?
20
What is the greatest common divisor of 226845 and 50055?
1065
What is the highest common factor of 519211 and 847?
847
Calculate the highest common divisor of 11772 and 38610.
54
Calculate the greatest common divisor of 94020 and 1620.
60
What is the highest common factor of 12 and 5398?
2
What is the highest common divisor of 60131 and 942?
157
Calculate the greatest common divisor of 109823 and 58.
29
Calculate the greatest common factor of 304 and 560044.
76
Calculate the highest common factor of 34544 and 2794.
254
What is the highest common factor of 9960 and 413755?
415
What is the greatest common factor of 2670 and 9995145?
1335
What is the greatest common divisor of 709797 and 548?
137
What is the highest common divisor of 2508 and 288112?
44
What is the highest common divisor of 2 and 9882?
2
What is the highest common divisor of 1023 and 99?
33
Calculate the greatest common factor of 1024 and 6448.
16
Calculate the greatest common factor of 71883 and 49.
49
Calculate the highest common divisor of 500278 and 558.
62
Calculate the highest common divisor of 954 and 151128.
18
Calculate the greatest common divisor of 79189 and 1252.
313
Calculate the greatest common divisor of 60267 and 165.
3
What is the greatest common factor of 76 and 148428?
76
Calculate the greatest common factor of 46009 and 695.
139
Calculate the highest common factor of 35077 and 14.
7
Calculate the greatest common factor of 1177 and 17869.
107
Calculate the greatest common factor of 9372 and 968.
44
Calculate the greatest common divisor of 1740 and 58020.
60
Calculate the greatest common divisor of 54586 and 98.
98
Calculate the highest common divisor of 25724 and 14396.
236
What is the highest common factor of 180634 and 44?
2
What is the greatest common divisor of 150 and 425?
25
What is the greatest common factor of 236 and 2256?
4
What is the greatest common divisor of 7689 and 264?
33
What is the greatest common factor of 37 and 2370331?
37
What is the highest common divisor of 2964987 and 459?
153
What is the highest common divisor of 238 and 55629?
7
Calculate the highest common divisor of 6695 and 15965.
515
Calculate the highest common factor of 30 and 8777805.
15
What is the highest common factor of 57049 and 267?
89
Calculate the greatest common factor of 44048 and 64.
16
What is the highest common divisor of 154 and 24871?
77
What is the greatest common divisor of 39 and 294333?
39
Calculate the highest common divisor of 7668 and 6745.
71
Calculate the greatest common factor of 700 and 47420.
20
What is the highest common factor of 1244992 and 32?
32
What is the highest common factor of 18659 and 6352?
397
What is the highest common factor of 9 and 249522?
3
Calculate the greatest common divisor of 6524 and 1006327.
1631
Calculate the highest common divisor of 131 and 16.
1
Calculate the greatest common divisor of 1775 and 465121.
71
What is the highest common factor of 54 and 3174?
6
Calculate the greatest common factor of 150 and 712400.
50
What is the highest common divisor of 8625 and 25116?
69
Calculate the greatest common divisor of 133909 and 187.
17
Calculate the highest common divisor of 3441340 and 18095.
1645
Calculate the highest common factor of 2072 and 91.
7
Calculate the highest common factor of 1700 and 4000.
100
Calculate the greatest common factor of 24 and 49768.
8
What is the greatest common factor of 1652 and 13048?
28
What is the greatest common divisor of 64040 and 2520?
40
What is the greatest common factor of 612927 and 405?
81
Calculate the greatest common divisor of 115252 and 24.
4
Calculate the greatest common factor of 134409 and 12.
3
Calculate the highest common divisor of 23498 and 682.
62
Calculate the greatest common divisor of 600 and 59040.
120
What is the highest common factor of 21 and 577857?
21
Calculate the highest common factor of 2925 and 10075.
325
What is the highest common divisor of 11 and 310959?
11
What is the highest common factor of 73801 and 13?
13
Calculate the highest common divisor of 981 and 3057.
3
What is the highest common factor of 94 and 369937?
47
What is the highest common factor of 3484595 and 2055?
685
Calculate the greatest common divisor of 1087 and 27.
1
What is the greatest common factor of 190 and 31210?
10
Calculate the greatest common factor of 2712190 and 10.
10
Calculate the greatest common factor of 722763 and 162.
81
What is the greatest common factor of 13 and 51597?
13
Calculate the greatest common factor of 196 and 3244829.
49
Calculate the greatest common factor of 99